 the hundreds digit of 819746609?
6
What is the hundreds digit of 140365032?
0
What is the tens digit of 1237643897?
9
What is the hundreds digit of 383938505?
5
What is the units digit of 359769506?
6
What is the thousands digit of 138751797?
1
What is the millions digit of 3778521?
3
What is the millions digit of 527282209?
7
What is the thousands digit of 2320268768?
8
What is the millions digit of 1897603?
1
What is the hundreds digit of 33962405?
4
What is the thousands digit of 24305714?
5
What is the ten thousands digit of 239130608?
3
What is the ten thousands digit of 48223869?
2
What is the thousands digit of 3236183947?
3
What is the hundred millions digit of 535539312?
5
What is the ten thousands digit of 43343179?
4
What is the tens digit of 116928407?
0
What is the hundred millions digit of 1031118244?
0
What is the ten thousands digit of 226105632?
0
What is the thousands digit of 67092598?
2
What is the ten millions digit of 26898333?
2
What is the billions digit of 1538114769?
1
What is the millions digit of 46851623?
6
What is the thousands digit of 974227794?
7
What is the millions digit of 3414263?
3
What is the millions digit of 251033937?
1
What is the ten millions digit of 809993462?
0
What is the hundreds digit of 1784279609?
6
What is the hundred thousands digit of 1346049386?
0
What is the units digit of 1630992893?
3
What is the billions digit of 1364524085?
1
What is the tens digit of 46053535?
3
What is the ten thousands digit of 52496498?
9
What is the billions digit of 1228293812?
1
What is the thousands digit of 114296851?
6
What is the tens digit of 38014944?
4
What is the ten thousands digit of 57410562?
1
What is the millions digit of 39625050?
9
What is the thousands digit of 341948174?
8
What is the units digit of 974126242?
2
What is the units digit of 535423541?
1
What is the units digit of 289403938?
8
What is the ten thousands digit of 8068739?
6
What is the billions digit of 1459551644?
1
What is the tens digit of 202980873?
7
What is the hundreds digit of 302764078?
0
What is the tens digit of 1485174053?
5
What is the hundred millions digit of 283348636?
2
What is the hundred millions digit of 624455501?
6
What is the hundred thousands digit of 144683280?
6
What is the millions digit of 1475106?
1
What is the tens digit of 86011822?
2
What is the millions digit of 581764700?
1
What is the hundred thousands digit of 132163567?
1
What is the ten thousands digit of 4158835034?
3
What is the ten thousands digit of 182031316?
3
What is the hundreds digit of 3333737322?
3
What is the hundred millions digit of 347241163?
3
What is the hundred thousands digit of 94860373?
8
What is the hundreds digit of 128658866?
8
What is the millions digit of 110222872?
0
What is the millions digit of 29195368?
9
What is the hundreds digit of 2141114415?
4
What is the hundreds digit of 153661297?
2
What is the thousands digit of 33400205?
0
What is the hundred thousands digit of 2999146744?
1
What is the tens digit of 30104431?
3
What is the units digit of 906411178?
8
What is the units digit of 6203287?
7
What is the thousands digit of 1087270539?
0
What is the hundred thousands digit of 460477166?
4
What is the ten thousands digit of 6167000743?
0
What is the millions digit of 13215292?
3
What is the ten thousands digit of 45044504?
4
What is the hundreds digit of 144033836?
8
What is the units digit of 57538660?
0
What is the millions digit of 629875320?
9
What is the ten thousands digit of 436009592?
0
What is the hundreds digit of 3029939834?
8
What is the tens digit of 6196054?
5
What is the units digit of 119017568?
8
What is the tens digit of 111028447?
4
What is the hundred millions digit of 320062911?
3
What is the hundred thousands digit of 91946569?
9
What is the millions digit of 49064291?
9
What is the ten thousands digit of 262668281?
6
What is the millions digit of 61357473?
1
What is the millions digit of 29090594?
9
What is the hundred thousands digit of 267807277?
8
What is the units digit of 24638393?
3
What is the thousands digit of 3708134?
8
What is the ten thousands digit of 6124684706?
8
What is the hundreds digit of 40841064?
0
What is the millions digit of 168146726?
8
What is the thousands digit of 577614250?
4
What is the thousands digit of 78103731?
3
What is the thousands digit of 40184357?
4
What is the ten millions digit of 2736845621?
3
What is the tens digit of 1486494390?
9
What is the hundreds digit of 67960021?
0
What is the billions digit of 2314905952?
2
What is the hundreds digit of 10427426?
4
What is the millions digit of 163772112?
3
What is the billions digit of 1009534183?
1
What is the millions digit of 26716693?
6
What is the ten thousands digit of 81027317?
2
What is the millions digit of 12797480?
2
What is the ten thousands digit of 615307981?
0
What is the hundred millions digit of 1564625518?
5
What is the hundred thousands digit of 4945737?
9
What is the units digit of 109824990?
0
What is the hundred thousands digit of 4596920981?
9
What is the ten thousands digit of 2123702036?
0
What is the tens digit of 19296600?
0
What is the millions digit of 108971368?
8
What is the hundred thousands digit of 303006?
3
What is the thousands digit of 148519486?
9
What is the units digit of 258865099?
9
What is the units digit of 323173979?
9
What is the hundred millions digit of 675170579?
6
What is the tens digit of 67396896?
9
What is the units digit of 246500340?
0
What is the thousands digit of 199577449?
7
What is the units digit of 84410387?
7
What is the ten millions digit of 288309084?
8
What is the units digit of 920000165?
5
What is the hundred millions digit of 2519716805?
5
What is the hundred millions digit of 139350396?
1
What is the billions digit of 2435951271?
2
What is the billions digit of 2407506084?
2
What is the hundreds digit of 582677765?
7
What is the hundred thousands digit of 653254718?
2
What is the ten thousands digit of 387251512?
5
What is the units digit of 24443528?
8
What is the billions digit of 3001600622?
3
What is the thousands digit of 83875864?
5
What is the millions digit of 8064200324?
4
What is the thousands digit of 327328608?
8
What is the ten millions digit of 686136795?
8
What is the thousands digit of 98843593?
3
What is the units digit of 267001090?
0
What is the hundred millions digit of 225918415?
2
What is the millions digit of 3752034?
3
What is the millions digit of 70734332?
0
What is the ten thousands digit of 78056762?
5
What is the millions digit of 48879491?
8
What is the thousands digit of 199209719?
9
What is the units digit of 577760442?
2
What is the hundred thousands digit of 1281825259?
8
What is the tens digit of 41945149?
4
What is the ten thousands digit of 3749787187?
8
What is the ten thousands digit of 89890865?
9
What is the tens digit of 78168060?
6
What is the ten thousands digit of 2682398960?
9
What is the billions digit of 2523301110?
2
What is the ten thousands digit of 18651193?
5
What is the ten millions digit of 3026490356?
2
What is the tens digit of 1693699303?
0
What is the ten millions digit of 70962511?
7
What is the thousands digit of 271564402?
4
What is the hundred millions digit of 185657018?
1
What is the hundreds digit of 72672073?
0
What is the hundreds digit of 100746317?
3
What is the units digit of 58981535?
5
What is the tens digit of 5219581590?
9
What is the ten thousands digit of 85084082?
8
What is the hundreds digit of 4733303?
3
What is the tens digit of 1611376414?
1
What is the thousands digit of 4245543?
5
What is the hundred thousands digit of 136837739?
8
What is the millions digit of 3146030008?
6
What is the millions digit of 5449804?
5
What is the tens digit of 1181769?
6
What is the hundred thousands digit of 173870752?
8
What is the hundreds digit of 40092286?
2
What is the hundreds digit of 416051375?
3
What is the millions digit of 3340475833?
0
What is the thousands digit of 14869257?
9
What is the tens digit of 62956257?
5
What is the billions digit of 2070213207?
2
What is the hundred thousands digit of 8676672?
6
What is the tens digit of 3203037329?
2
What is the hundreds digit of 1180500512?
5
What is the hundred millions digit of 4140043198?
1
What is the